{"id":230439,"date":"2024-02-02T09:29:59","date_gmt":"2024-02-02T14:29:59","guid":{"rendered":"https:\/\/www.valledelcocora.com.co\/w\/?post_type=product&#038;p=230439"},"modified":"2025-07-07T09:41:44","modified_gmt":"2025-07-07T14:41:44","slug":"tienda-de-cafe-gourmet-donde-juan-b","status":"publish","type":"product","link":"https:\/\/www.valledelcocora.com.co\/w\/producto\/tienda-de-cafe-gourmet-donde-juan-b\/","title":{"rendered":"Tienda de Caf\u00e9 Gourmet Donde Juan B"},"content":{"rendered":"","protected":false},"excerpt":{"rendered":"<p>Del\u00e9itese con un caf\u00e9 de origen y sus derivados tradicionales. cultivados en tierras del Quind\u00edo, mientras aprecia uno de los paisajes m\u00e1s bellos de Colombia y el mundo.<\/p>\n","protected":false},"featured_media":230442,"comment_status":"closed","ping_status":"closed","template":"","meta":{"_et_pb_use_builder":"","_et_pb_old_content":"","_et_gb_content_width":"","_joinchat":[]},"product_brand":[],"product_cat":[76],"product_tag":[],"class_list":{"0":"post-230439","1":"product","2":"type-product","3":"status-publish","4":"has-post-thumbnail","6":"product_cat-experiencias","8":"first","9":"instock","10":"virtual","11":"product-type-simple"},"_links":{"self":[{"href":"https:\/\/www.valledelcocora.com.co\/w\/wp-json\/wp\/v2\/product\/230439","targetHints":{"allow":["GET"]}}],"collection":[{"href":"https:\/\/www.valledelcocora.com.co\/w\/wp-json\/wp\/v2\/product"}],"about":[{"href":"https:\/\/www.valledelcocora.com.co\/w\/wp-json\/wp\/v2\/types\/product"}],"replies":[{"embeddable":true,"href":"https:\/\/www.valledelcocora.com.co\/w\/wp-json\/wp\/v2\/comments?post=230439"}],"wp:featuredmedia":[{"embeddable":true,"href":"https:\/\/www.valledelcocora.com.co\/w\/wp-json\/wp\/v2\/media\/230442"}],"wp:attachment":[{"href":"https:\/\/www.valledelcocora.com.co\/w\/wp-json\/wp\/v2\/media?parent=230439"}],"wp:term":[{"taxonomy":"product_brand","embeddable":true,"href":"https:\/\/www.valledelcocora.com.co\/w\/wp-json\/wp\/v2\/product_brand?post=230439"},{"taxonomy":"product_cat","embeddable":true,"href":"https:\/\/www.valledelcocora.com.co\/w\/wp-json\/wp\/v2\/product_cat?post=230439"},{"taxonomy":"product_tag","embeddable":true,"href":"https:\/\/www.valledelcocora.com.co\/w\/wp-json\/wp\/v2\/product_tag?post=230439"}],"curies":[{"name":"wp","href":"https:\/\/api.w.org\/{rel}","templated":true}]}}