{"id":230194,"date":"2024-02-02T12:00:43","date_gmt":"2024-02-02T17:00:43","guid":{"rendered":"http:\/\/valledelcocora.com.co\/w\/?post_type=product&#038;p=230194"},"modified":"2025-12-16T12:07:04","modified_gmt":"2025-12-16T17:07:04","slug":"experiencia-morrogacho-magico-amantes-del-trekking","status":"publish","type":"product","link":"https:\/\/www.valledelcocora.com.co\/w\/producto\/experiencia-morrogacho-magico-amantes-del-trekking\/","title":{"rendered":"Experiencia Morrogacho M\u00e1gico Amantes del Trekking"},"content":{"rendered":"<p>Vive la experiencia de recorrer caminos ocultos entre senderos y monta\u00f1as, niebla y r\u00edo en el Valle de Cocora que te llevaran a la cima de este hermoso y emblem\u00e1tico lugar llamado Morrogacho, el cerro o monta\u00f1a m\u00e1s alta del Valle de Cocora con una altura en su cima de aprox 3.450 mtrs, la experiencia perfecta para los amantes del trekking, desde all\u00ed la vista es m\u00e1gica e inigualable, ir\u00e1s acompa\u00f1ado del mejor gu\u00eda de la zona, con un refrigerio y almuerzo estilo picnic (el turista debe llevar dentro de su equipaje el almuerzo que se le entrega) y las mejores explicaciones de este hermoso lugar. Incluye canelazo de bienvenida, almuerzo tipo picnic, refrigerio, gu\u00eda y acompa\u00f1amiento de comienzo a fin.<\/p>\n<p>Hora de salida 8:00 am, hora aprox de llegada 6:00 pm. Experiencia de todo un d\u00eda, dificultad 5-trekking de subida, usar tenis, protector solar, impermeable. Apto para caminantes-deportistas. No apto para adulto mayor con alguna dificultad de salud.<\/p>\n<p><b><span data-contrast=\"auto\">Planes men\u00fa 6 opciones<\/span><\/b><span data-ccp-props=\"{&quot;134233117&quot;:true,&quot;134233118&quot;:true,&quot;201341983&quot;:0,&quot;335559740&quot;:240}\">\u00a0<\/span><\/p>\n<ul>\n<li><span data-contrast=\"auto\">Bebida de bienvenida\u00a0canelazo<\/span><\/li>\n<li><span data-contrast=\"auto\">Parqueadero incluido<\/span><\/li>\n<li><span data-contrast=\"auto\">Almuerzo con 6 opciones a elegir:\u00a0\u00a0pollo a la parrilla, trucha a la plancha, ahumada, al ajillo, o con champi\u00f1ones acompa\u00f1ada del patac\u00f3n Quindiano, adem\u00e1s de una opci\u00f3n vegetariana o vegana con vegetales de la huerta org\u00e1nica, todos incluyen acompa\u00f1amientos, bebida\u00a0Opci\u00f3n vegetariana o vegana con vegetales de huerta org\u00e1nica.<\/span><\/li>\n<\/ul>\n","protected":false},"excerpt":{"rendered":"<h3 data-start=\"199\" data-end=\"234\"><strong data-start=\"203\" data-end=\"234\">Precios (Pesos Colombianos)<\/strong><\/h3>\n<p data-start=\"236\" data-end=\"357\"><strong data-start=\"236\" data-end=\"268\">Plan con men\u00fa de 6 opciones:<\/strong><br data-start=\"268\" data-end=\"271\" \/>$200.000 por persona (aplica desde 2 personas)<br data-start=\"317\" data-end=\"320\" \/>$280.000 por 1 persona (plan privado)<\/p>\n","protected":false},"featured_media":230668,"comment_status":"closed","ping_status":"closed","template":"","meta":{"_et_pb_use_builder":"","_et_pb_old_content":"","_et_gb_content_width":"","_joinchat":[]},"product_brand":[],"product_cat":[76],"product_tag":[91,67,72,71,87],"class_list":{"0":"post-230194","1":"product","2":"type-product","3":"status-publish","4":"has-post-thumbnail","6":"product_cat-experiencias","7":"product_tag-experiencias","8":"product_tag-montanas","9":"product_tag-senderos","10":"product_tag-trekking","11":"product_tag-whats","13":"first","14":"instock","15":"shipping-taxable","16":"purchasable","17":"product-type-variable"},"_links":{"self":[{"href":"https:\/\/www.valledelcocora.com.co\/w\/wp-json\/wp\/v2\/product\/230194","targetHints":{"allow":["GET"]}}],"collection":[{"href":"https:\/\/www.valledelcocora.com.co\/w\/wp-json\/wp\/v2\/product"}],"about":[{"href":"https:\/\/www.valledelcocora.com.co\/w\/wp-json\/wp\/v2\/types\/product"}],"replies":[{"embeddable":true,"href":"https:\/\/www.valledelcocora.com.co\/w\/wp-json\/wp\/v2\/comments?post=230194"}],"wp:featuredmedia":[{"embeddable":true,"href":"https:\/\/www.valledelcocora.com.co\/w\/wp-json\/wp\/v2\/media\/230668"}],"wp:attachment":[{"href":"https:\/\/www.valledelcocora.com.co\/w\/wp-json\/wp\/v2\/media?parent=230194"}],"wp:term":[{"taxonomy":"product_brand","embeddable":true,"href":"https:\/\/www.valledelcocora.com.co\/w\/wp-json\/wp\/v2\/product_brand?post=230194"},{"taxonomy":"product_cat","embeddable":true,"href":"https:\/\/www.valledelcocora.com.co\/w\/wp-json\/wp\/v2\/product_cat?post=230194"},{"taxonomy":"product_tag","embeddable":true,"href":"https:\/\/www.valledelcocora.com.co\/w\/wp-json\/wp\/v2\/product_tag?post=230194"}],"curies":[{"name":"wp","href":"https:\/\/api.w.org\/{rel}","templated":true}]}}